{"id":2444,"date":"2015-09-30T16:04:02","date_gmt":"2015-09-30T14:04:02","guid":{"rendered":"http:\/\/iesmendillorribhi.educacion.navarra.es\/blogs\/resumenes-de-programacion\/"},"modified":"2025-09-03T09:02:23","modified_gmt":"2025-09-03T07:02:23","slug":"resumenes-de-programacion","status":"publish","type":"page","link":"https:\/\/iesmendillorribhi.educacion.navarra.es\/blogs\/resumenes-de-programacion\/","title":{"rendered":"Res\u00famenes de programaci\u00f3n"},"content":{"rendered":"\n<p>Aqu\u00ed est\u00e1n los res\u00famenes de programaciones entregados al alumnado. En los mismos se pueden consultar los contenidos, temporalizaci\u00f3n, metodolog\u00eda y criterios de calificaci\u00f3n, as\u00ed como el Plan de Atenci\u00f3n No Presencial.<\/p>\n\n\n\n<div class=\"wp-block-columns\">\n<div class=\"wp-block-column\">\n<h2>Modelos A\/G:<\/h2>\n\n\n\n<ul><li><a rel=\"noreferrer noopener\" href=\"https:\/\/drive.google.com\/drive\/folders\/1pS1sR7GnQk06S8e-h7bdfVPlE0eFTBr0?usp=sharing\" target=\"_blank\">1\u00baESO<\/a><\/li><li><a rel=\"noreferrer noopener\" href=\"https:\/\/drive.google.com\/drive\/folders\/1XiIbfZYWlKEHOFr2ni6HP2N-rCnhWcko?usp=sharing\" target=\"_blank\">2\u00baESO<\/a><\/li><li><a rel=\"noreferrer noopener\" href=\"https:\/\/drive.google.com\/drive\/folders\/1faPWJj5_eTW5t1WrPl6UZrm5oMlMVCWt?usp=sharing\" target=\"_blank\">3\u00baESO<\/a><\/li><li><a rel=\"noreferrer noopener\" href=\"https:\/\/drive.google.com\/drive\/folders\/1kgbiVsf8PnO4sD25WT_arcLPYNU2WORQ?usp=sharing\" target=\"_blank\">4\u00baESO<\/a><\/li><li><a rel=\"noreferrer noopener\" href=\"https:\/\/drive.google.com\/drive\/folders\/1d6UkOCGbjmRPQdfpliKpD-I4S1dunNIT?usp=sharing\" target=\"_blank\">1\u00baBACH<\/a><\/li><li><a rel=\"noreferrer noopener\" href=\"https:\/\/drive.google.com\/drive\/folders\/1LcxJu3HDF-R6t7Dg-RYR-FUT4xKK0_zJ?usp=sharing\" target=\"_blank\">2\u00baBACH<\/a><\/li><li><a rel=\"noreferrer noopener\" href=\"https:\/\/drive.google.com\/drive\/folders\/1fe4go5z4lMclNiGz5A25Tl3WgbutYWTt?usp=sharing\" target=\"_blank\">UCE y AA<\/a><\/li><li><a href=\"https:\/\/drive.google.com\/drive\/folders\/1zFUu0paHNS4Yd7tTrjejr1sd69OM0Tlw\">GESTI\u00d3N ADMINISTRATIVA<\/a> I<\/li><li><a href=\"https:\/\/drive.google.com\/drive\/folders\/1e5SYqlCjIY54sOH2jm1lgF0x9MP7_WDG?usp=drive_link\">Gesti\u00f3n Administrativa II<\/a><\/li><\/ul>\n<\/div>\n\n\n\n<div class=\"wp-block-column\">\n<h2>Modelo D:<\/h2>\n\n\n\n<ul><li><a rel=\"noreferrer noopener\" href=\"https:\/\/drive.google.com\/drive\/folders\/1qYBKT_W-izk4lHQP8WvgCKXoDp9FbRBG?usp=sharing\" target=\"_blank\">1.DBH<\/a><\/li><li><a rel=\"noreferrer noopener\" href=\"https:\/\/drive.google.com\/drive\/folders\/1LtOGcoxL8fc-l_uOM_ePwJ6kSUoUndoB?usp=sharing\" target=\"_blank\">2.DBH<\/a><\/li><li><a rel=\"noreferrer noopener\" href=\"https:\/\/drive.google.com\/drive\/folders\/1wulI1c7NtTwDIdC2V32xIOR69G5HG-wd?usp=sharing\" target=\"_blank\">3.DBH<\/a><\/li><li><a rel=\"noreferrer noopener\" href=\"https:\/\/drive.google.com\/drive\/folders\/15X0Q5aRL79WBSIyKkwX7j7s0No9MrE7f?usp=sharing\" target=\"_blank\">4.DBH<\/a><\/li><li><a rel=\"noreferrer noopener\" href=\"https:\/\/drive.google.com\/drive\/folders\/1zUNP0__32cDizNANos3mJYTOBVG4kOmy?usp=sharing\" target=\"_blank\">1.BATX<\/a><\/li><li><a rel=\"noreferrer noopener\" href=\"https:\/\/drive.google.com\/drive\/folders\/1VwkXgadSldOdwv6QTNCEyHInuyISqkeg?usp=sharing\" target=\"_blank\">2.BATX<\/a><\/li><li><a href=\"https:\/\/drive.google.com\/drive\/folders\/1SUeJ0fLTw-3NTFnkBE15usixctFhGYsq?usp=sharing\">Administrazioaren kudeaketa<\/a> I<\/li><\/ul>\n<\/div>\n<\/div>\n\n\n\n<p><\/p>\n","protected":false},"excerpt":{"rendered":"<p>Aqu\u00ed est\u00e1n los res\u00famenes de programaciones entregados al alumnado. En los mismos se pueden consultar los contenidos, temporalizaci\u00f3n, metodolog\u00eda y criterios de calificaci\u00f3n, as\u00ed como el Plan de Atenci\u00f3n No Presencial. Modelos A\/G: 1\u00baESO 2\u00baESO 3\u00baESO 4\u00baESO 1\u00baBACH 2\u00baBACH UCE y AA GESTI\u00d3N ADMINISTRATIVA I Gesti\u00f3n Administrativa II Modelo D: 1.DBH 2.DBH 3.DBH 4.DBH 1.BATX [&hellip;]<\/p>\n","protected":false},"author":110,"featured_media":4560,"parent":0,"menu_order":0,"comment_status":"closed","ping_status":"closed","template":"templates\/blocks.php","meta":{"_genesis_hide_title":false,"_genesis_hide_breadcrumbs":false,"_genesis_hide_singular_image":false,"_genesis_hide_footer_widgets":false,"_genesis_custom_body_class":"","_genesis_custom_post_class":"","_genesis_layout":"full-width-content"},"featured_image_src":"https:\/\/iesmendillorribhi.educacion.navarra.es\/blogs\/wp-content\/uploads\/2021\/04\/orrialdeakirudia-2-600x400.png","featured_image_src_square":"https:\/\/iesmendillorribhi.educacion.navarra.es\/blogs\/wp-content\/uploads\/2021\/04\/orrialdeakirudia-2-600x600.png","_links":{"self":[{"href":"https:\/\/iesmendillorribhi.educacion.navarra.es\/blogs\/wp-json\/wp\/v2\/pages\/2444"}],"collection":[{"href":"https:\/\/iesmendillorribhi.educacion.navarra.es\/blogs\/wp-json\/wp\/v2\/pages"}],"about":[{"href":"https:\/\/iesmendillorribhi.educacion.navarra.es\/blogs\/wp-json\/wp\/v2\/types\/page"}],"author":[{"embeddable":true,"href":"https:\/\/iesmendillorribhi.educacion.navarra.es\/blogs\/wp-json\/wp\/v2\/users\/110"}],"replies":[{"embeddable":true,"href":"https:\/\/iesmendillorribhi.educacion.navarra.es\/blogs\/wp-json\/wp\/v2\/comments?post=2444"}],"version-history":[{"count":12,"href":"https:\/\/iesmendillorribhi.educacion.navarra.es\/blogs\/wp-json\/wp\/v2\/pages\/2444\/revisions"}],"predecessor-version":[{"id":9069,"href":"https:\/\/iesmendillorribhi.educacion.navarra.es\/blogs\/wp-json\/wp\/v2\/pages\/2444\/revisions\/9069"}],"wp:featuredmedia":[{"embeddable":true,"href":"https:\/\/iesmendillorribhi.educacion.navarra.es\/blogs\/wp-json\/wp\/v2\/media\/4560"}],"wp:attachment":[{"href":"https:\/\/iesmendillorribhi.educacion.navarra.es\/blogs\/wp-json\/wp\/v2\/media?parent=2444"}],"curies":[{"name":"wp","href":"https:\/\/api.w.org\/{rel}","templated":true}]}}